{"id":18967,"date":"2026-03-23T16:37:03","date_gmt":"2026-03-23T15:37:03","guid":{"rendered":"https:\/\/mahous.com\/?page_id=18967"},"modified":"2026-03-23T16:37:03","modified_gmt":"2026-03-23T15:37:03","slug":"kuidas-levitra-generic-kehas-toimib","status":"publish","type":"page","link":"https:\/\/mahous.com\/index.php\/kuidas-levitra-generic-kehas-toimib\/","title":{"rendered":"Kuidas Levitra Generic kehas toimib"},"content":{"rendered":"<h1>Kuidas Levitra Genericut \u00f5igesti kasutada<\/h1>\n<p>Levitra Genericu t\u00f5husaks m\u00f5istmiseks ja kasutamiseks on vaja teadmisi selle eesm\u00e4rgist, \u00f5igest annusest ja v\u00f5imalikest koostoimetest.<\/p>\n<h2>Levitra Generic&rsquo;i m\u00f5istmine: \u00fclevaade<\/h2>\n<p>Levitra Generic, laialdaselt kasutatav ravim, on peamiselt ette n\u00e4htud erektsioonih\u00e4irete (ED) raviks meestel. Geneeriline vorm sisaldab toimeainet vardenafiili, mis kuulub fosfodiesteraasi t\u00fc\u00fcp 5 (PDE5) inhibiitoritena tuntud ravimite klassi. On kliiniliselt t\u00f5estatud, et need ravimid aitavad meestel saavutada ja s\u00e4ilitada erektsiooni, suurendades seksuaalse stimulatsiooni ajal verevoolu peenisesse.<\/p>\n<p>Levitra k\u00e4ttesaadavus \u00fcldises vormis muudab selle k\u00e4ttesaadavaks v\u00f5imaluseks paljudele inimestele, kes otsivad ED t\u00f5husat ravi. Kuigi see on keemiliselt identne oma kaubam\u00e4rgiga analoogiga, on see sageli taskukohasem, mist\u00f5ttu on see populaarne valik neile, kes on kuluteadlikud. Parimate tulemuste saavutamiseks on oluline m\u00f5ista, kuidas see toimib ja kuidas seda \u00f5igesti kasutada.<\/p>\n<h2>Milleks Levitra Genericit kasutatakse?<\/h2>\n<p>Levitra Genericut kasutatakse peamiselt erektsioonih\u00e4irete raviks, mis m\u00f5jutab m\u00e4rkimisv\u00e4\u00e4rset protsenti meestest kogu maailmas. ED v\u00f5ib tuleneda mitmesugustest teguritest, sealhulgas stressist, \u00e4revusest v\u00f5i kaasnevatest terviseseisunditest, nagu diabeet ja h\u00fcpertensioon. K\u00e4sitledes ED f\u00fcsioloogilisi aspekte, aitab Levitra Generic parandada seksuaalset v\u00f5imekust ja rahulolu.<\/p>\n<p>Kuigi Levitrat kasutatakse peamiselt ED raviks, on seda uuritud ka muude seisundite kontekstis. N\u00e4iteks on m\u00f5ned uuringud uurinud selle v\u00f5imalikku rolli enneaegse ejakulatsiooni ravis, kuigi see ei ole ametlikult heaks kiidetud kasutamine. Sellegipoolest j\u00e4\u00e4b esmaseks n\u00e4idustuseks erektsioonifunktsiooni parandamine.<\/p>\n<h2>Kuidas Levitra Generic kehas toimib<\/h2>\n<p>Levitra Generic p\u00e4rsib PDE5 ens\u00fc\u00fcmi toimet organismis. See ens\u00fc\u00fcm vastutab verevoolu reguleerimise eest peenises. Blokeerides PDE5, v\u00f5imaldab Levitra Generic suurendada verevoolu seksuaalse erutuse ajal, h\u00f5lbustades erektsiooni teket ja s\u00e4ilitamist.<\/p>\n<p>Protsess algab siis, kui meest stimuleeritakse seksuaalselt, mis viib l\u00e4mmastikoksiidi vabanemiseni peenises. See kemikaal k\u00e4ivitab rea reaktsioone, mille tulemuseks on veresoonte seinte silelihaste l\u00f5dvestumine, v\u00f5imaldades rohkem verd siseneda peenisesse. Levitra Generic t\u00e4iustab seda loomulikku protsessi, v\u00f5imaldades paljudel meestel ED v\u00e4ljakutsetest \u00fcle saada.<\/p>\n<h2>Levitra Genericu soovitatav annus<\/h2>\n<p>Levitra Genericu soovitatav algannus on tavaliselt 10 mg, mis v\u00f5etakse suu kaudu umbes 25\u201360 minutit enne seksuaalset tegevust. S\u00f5ltuvalt isiku reaktsioonist ja talutavusest v\u00f5ib tervishoiuteenuse osutaja annust kohandada. S\u00f5ltuvalt efektiivsusest ja k\u00f5rvaltoimetest v\u00f5ib seda suurendada maksimaalselt 20 mg-ni v\u00f5i v\u00e4hendada 5 mg-ni.<\/p>\n<p>Oluline on m\u00e4rkida, et Levitrat ei tohi v\u00f5tta rohkem kui \u00fcks kord p\u00e4evas. Patsiendid peaksid alati j\u00e4rgima oma tervishoiut\u00f6\u00f6taja juhiseid annuste osas, et minimeerida v\u00f5imalikke riske ja tagada optimaalne t\u00f5husus.<\/p>\n<h2>Kuidas v\u00f5tta Levitra Genericit parimate tulemuste saavutamiseks<\/h2>\n<p>Levitra Genericuga parimate tulemuste saavutamiseks on oluline j\u00e4rgida teatud juhiseid. Esiteks v\u00f5tke ravimit umbes tund enne planeeritud seksuaalset tegevust. See annab piisavalt aega, et ravim kehas toimiks. Teiseks on soovitatav v\u00e4ltida suure rasvasisaldusega eineid umbes annuse v\u00f5tmise ajal, kuna see v\u00f5ib toime algust edasi l\u00fckata.<\/p>\n<p>Lisaks on Levitra Genericu t\u00f5husaks <a href=\"https:\/\/kiireravim.com\/osta-levitra-generic-veebis-ilma-retseptita\">Levitra Generic 60mg Veebis<\/a> toimimiseks vajalik seksuaalne stimulatsioon. Pelgalt pillide v\u00f5tmine ilma seksuaalse tegevuseta ei too kaasa erektsiooni. Nende aspektide m\u00f5istmine v\u00f5ib aidata maksimeerida ravimi potentsiaalset kasu.<\/p>\n<h2>Levitra Generici v\u00f5imalikud k\u00f5rvaltoimed<\/h2>\n<p>Nagu k\u00f5ik ravimid, v\u00f5ib Levitra Generic m\u00f5nel inimesel p\u00f5hjustada k\u00f5rvaltoimeid. Sagedased k\u00f5rvaltoimed on peavalu, \u00f5hetus, ninakinnisus ja pearinglus. Need on \u00fcldiselt kerged ja kipuvad v\u00e4henema, kui keha kohaneb ravimiga.<\/p>\n<p>Harvadel juhtudel v\u00f5ivad tekkida t\u00f5sisemad k\u00f5rvaltoimed, nagu \u00e4kiline n\u00e4gemise kaotus v\u00f5i erektsioon, mis kestab kauem kui neli tundi. Need n\u00f5uavad viivitamatut arstiabi. Patsiendid peaksid nendest v\u00f5imalustest teadlikud olema ja murettekitavate s\u00fcmptomite ilmnemisel konsulteerima oma tervishoiuteenuse osutajaga.<\/p>\n<h2>Koostoimed teiste ravimitega<\/h2>\n<p>Levitra Generic v\u00f5ib suhelda teatud ravimitega, mis v\u00f5ib p\u00f5hjustada k\u00f5rvaltoimeid. N\u00e4iteks ei tohiks seda kasutada koos nitraatidega, mida sageli m\u00e4\u00e4ratakse valu rinnus, kuna see v\u00f5ib p\u00f5hjustada ohtlikku verer\u00f5hu langust. Samuti on soovitatav olla ettevaatlik alfa-blokaatorite v\u00f5tmisel, kuna need v\u00f5ivad samuti m\u00f5jutada verer\u00f5hku.<\/p>\n<p>Patsiendid peaksid teavitama oma tervishoiuteenuse osutajat k\u00f5igist ravimitest ja toidulisanditest, mida nad v\u00f5tavad, et v\u00e4ltida kahjulikke koostoimeid. See h\u00f5lmab k\u00e4sim\u00fc\u00fcgiravimeid ja taimseid ravimeid, kuna need v\u00f5ivad samuti m\u00f5jutada Levitra Genericu efektiivsust ja ohutust.<\/p>\n<h2>Kes ei tohiks Levitra Genericut kasutada?<\/h2>\n<p>Levitra Generic ei sobi k\u00f5igile. Teatud terviseseisunditega isikud, nagu rasked s\u00fcdame- v\u00f5i maksaprobleemid, peaksid selle ravimi kasutamist v\u00e4ltima. Lisaks peaksid Levitra v\u00f5tmisest hoiduma need, keda on tervislikel p\u00f5hjustel soovitatud seksuaalsest tegevusest loobuda.<\/p>\n<p>Mehed, kellel on tekkinud allergiline reaktsioon vardenafiili v\u00f5i m\u00f5ne muu ravimi komponendi suhtes, ei tohi Levitra Genericut kasutada. P\u00f5hjalik meditsiiniline hindamine v\u00f5ib aidata kindlaks teha, kas see ravim on inimesele ohutu ja sobiv.<\/p>\n<h2>Levitra Genericu s\u00e4ilitamisjuhised<\/h2>\n<p>Levitra Genericu \u00f5ige s\u00e4ilitamine on selle efektiivsuse s\u00e4ilitamiseks \u00fclioluline. Ravimit tuleb hoida originaalpakendis, niiskuse ja kuumuse eest kaitstult ning toatemperatuuril. Juhusliku allaneelamise v\u00e4ltimiseks on oluline hoida ravimit lastele ja lemmikloomadele k\u00e4ttesaamatus kohas.<\/p>\n<p>Patsiendid peaksid meeles pidama ka pakendil m\u00e4rgitud aegumiskuup\u00e4eva ja h\u00e4vitama k\u00f5ik kasutamata j\u00e4\u00e4nud ravimid vastutustundlikult. Nende s\u00e4ilitamisjuhiste j\u00e4rgimine tagab, et ravimit on vajadusel ohutu kasutada.<\/p>\n<h2>Levitra Generic vs. Kaubam\u00e4rk Levitra<\/h2>\n<p>Kuigi Levitra Generic ja kaubam\u00e4rk Levitra sisaldavad sama toimeainet, vardenafiili, on m\u00f5ned erinevused. K\u00f5ige t\u00e4helepanuv\u00e4\u00e4rsem on hind, kusjuures \u00fcldine versioon on tavaliselt taskukohasem. See muudab selle paljude patsientide jaoks kulut\u00f5husaks valikuks, ilma kvaliteedis j\u00e4releandmisi tegemata.<\/p>\n<p>M\u00f5lema versiooni efektiivsus- ja ohutusprofiilid on v\u00f5rreldavad, kuna need j\u00e4rgivad samu rangeid tootmisstandardeid. Patsiendid v\u00f5ivad oodata sarnaseid tulemusi olenemata sellest, kas nad valivad \u00fcldise v\u00f5i kaubam\u00e4rgiga versiooni, kuigi isiklikud eelistused ja eelarve v\u00f5ivad nende otsust m\u00f5jutada.<\/p>\n<h2>N\u00e4pun\u00e4iteid Levitra Genericu efektiivsuse maksimeerimiseks<\/h2>\n<p>Levitra Genericu efektiivsuse maksimeerimiseks peavad patsiendid j\u00e4rgima etten\u00e4htud annuseid ja ajastust. Eelm\u00e4nguga tegelemine v\u00f5ib suurendada keha loomulikku reaktsiooni ravimile, parandades selle t\u00f5husust. Lisaks v\u00f5ib tervisliku eluviisi s\u00e4ilitamine, sealhulgas regulaarne treening ja tasakaalustatud toitumine, toetada \u00fcldist seksuaaltervist.<\/p>\n<p>Alkoholitarbimise piiramine ja suitsetamisest loobumine v\u00f5ivad samuti avaldada positiivset m\u00f5ju ravimi toimele. Neid n\u00e4pun\u00e4iteid j\u00e4rgides saavad inimesed Levitra Genericu terapeutilisi eeliseid suurendada.<\/p>\n<h2>Levitra \u00fcldised m\u00fc\u00fcdid<\/h2>\n<p>Levitra Genericut \u00fcmbritsevad mitmed m\u00fc\u00fcdid, mis v\u00f5ivad tarbijaid eksitada. \u00dcks levinud eksiarvamus on, et see v\u00f5ib suurendada seksuaalset soovi. Tegelikult ei m\u00f5juta Levitra Generic libiidot, vaid pigem suurendab f\u00fcsioloogilist reaktsiooni seksuaalsele erutusele.<\/p>\n<p>Teine m\u00fc\u00fct on see, et see t\u00f6\u00f6tab koheselt. Kuigi Levitra Generic on t\u00f5hus, vajab see tulemuste saavutamiseks seksuaalset stimulatsiooni ega p\u00f5hjusta kohest erektsiooni. Nende tegelikkuse m\u00f5istmine aitab juhtida ootusi ja tagab teadlikuma ravimi kasutamise.<\/p>\n<h2>Konsulteerige oma arstiga Levitra Genericu kohta<\/h2>\n<p>Enne Levitra Genericu ravi alustamist on oluline konsulteerida tervishoiut\u00f6\u00f6tajaga. See v\u00f5imaldab igak\u00fclgselt hinnata inimese tervislikku seisundit ja v\u00f5imalikke vastun\u00e4idustusi. Arst v\u00f5ib anda individuaalset n\u00f5uannet annustamise kohta ja lahendada k\u00f5ik mured v\u00f5i k\u00fcsimused.<\/p>\n<p>Regulaarsed j\u00e4relkontrollid v\u00f5ivad samuti aidata j\u00e4lgida ravimi efektiivsust ja vajadusel ravi kohandada. Avatud suhtlus tervishoiuteenuse osutajaga tagab Levitra Genericu ohutu ja t\u00f5husa kasutamise.<\/p>\n<h2>KKK Levitra Genericu kasutamise kohta<\/h2>\n<p>Paljudel inimestel on k\u00fcsimusi Levitra Genericu kasutamise kohta. Levinud p\u00e4ringud h\u00f5lmavad selle toime kestust, mis kestab tavaliselt kuni neli kuni viis tundi, ja seda, kas seda saab v\u00f5tta koos toiduga. Kuigi seda v\u00f5ib v\u00f5tta koos toiduga v\u00f5i ilma, v\u00f5ivad rasvarikkad toidud selle imendumist aeglustada.<\/p>\n<p>Teine sagedane k\u00fcsimus puudutab toime algust; Levitra Generic hakkab tavaliselt toimima 30\u201360 minuti jooksul. Nende \u00fcksikasjade selgitamine v\u00f5ib aidata kasutajatel optimeerida ravimi kasutamise kogemust.<\/p>\n<h2>Elukogemused: iseloomustused Levitra \u00fcldise kasutamise kohta<\/h2>\n<p>P\u00e4riselu iseloomustused pakuvad v\u00e4\u00e4rtuslikku teavet Levitra Genericut kasutanud inimeste kogemustest. Paljud kasutajad teatavad oma erektsiooni saavutamise ja s\u00e4ilitamise v\u00f5ime m\u00e4rkimisv\u00e4\u00e4rsest paranemisest, mis suurendab seksuaalset rahulolu ja enesekindlust.<\/p>\n<p>Kuigi individuaalsed kogemused v\u00f5ivad erineda, r\u00f5hutavad need iseloomustused Levitra Genericu potentsiaalset kasu erektsioonih\u00e4iretest \u00fclesaamisel. Nende lugude jagamine v\u00f5ib julgustada ja kindlustunnet teistele, kes seda raviv\u00f5imalust kaaluvad.<\/p>\n","protected":false},"excerpt":{"rendered":"<p>Kuidas Levitra Genericut \u00f5igesti kasutada Levitra Genericu t\u00f5husaks m\u00f5istmiseks ja kasutamiseks on vaja teadmisi selle eesm\u00e4rgist, \u00f5igest annusest ja v\u00f5imalikest koostoimetest. Levitra Generic&rsquo;i m\u00f5istmine: \u00fclevaade Levitra Generic, laialdaselt kasutatav ravim, on peamiselt ette n\u00e4htud erektsioonih\u00e4irete (ED) raviks meestel. Geneeriline vorm sisaldab toimeainet vardenafiili, mis kuulub fosfodiesteraasi t\u00fc\u00fcp 5 (PDE5) inhibiitoritena tuntud ravimite klassi. On kliiniliselt [&hellip;]<\/p>\n","protected":false},"author":1,"featured_media":0,"parent":0,"menu_order":0,"comment_status":"closed","ping_status":"closed","template":"","meta":{"footnotes":""},"class_list":["post-18967","page","type-page","status-publish","hentry"],"_links":{"self":[{"href":"https:\/\/mahous.com\/index.php\/wp-json\/wp\/v2\/pages\/18967","targetHints":{"allow":["GET"]}}],"collection":[{"href":"https:\/\/mahous.com\/index.php\/wp-json\/wp\/v2\/pages"}],"about":[{"href":"https:\/\/mahous.com\/index.php\/wp-json\/wp\/v2\/types\/page"}],"author":[{"embeddable":true,"href":"https:\/\/mahous.com\/index.php\/wp-json\/wp\/v2\/users\/1"}],"replies":[{"embeddable":true,"href":"https:\/\/mahous.com\/index.php\/wp-json\/wp\/v2\/comments?post=18967"}],"version-history":[{"count":1,"href":"https:\/\/mahous.com\/index.php\/wp-json\/wp\/v2\/pages\/18967\/revisions"}],"predecessor-version":[{"id":18968,"href":"https:\/\/mahous.com\/index.php\/wp-json\/wp\/v2\/pages\/18967\/revisions\/18968"}],"wp:attachment":[{"href":"https:\/\/mahous.com\/index.php\/wp-json\/wp\/v2\/media?parent=18967"}],"curies":[{"name":"wp","href":"https:\/\/api.w.org\/{rel}","templated":true}]}}