{"id":20099,"date":"2026-03-24T05:29:28","date_gmt":"2026-03-24T04:29:28","guid":{"rendered":"https:\/\/mahous.com\/?page_id=20099"},"modified":"2026-03-24T05:29:28","modified_gmt":"2026-03-24T04:29:28","slug":"przeglad-lekow-na-zaburzenia-erekcji-2","status":"publish","type":"page","link":"https:\/\/mahous.com\/index.php\/przeglad-lekow-na-zaburzenia-erekcji-2\/","title":{"rendered":"Przegl\u0105d lek\u00f3w na zaburzenia erekcji"},"content":{"rendered":"<h1>Wyb\u00f3r leku na zaburzenia erekcji online: por\u00f3wnanie pocz\u0105tku, czasu trwania i przydatno\u015bci: lekarz Q&amp;A<\/h1>\n<p>Poruszanie si\u0119 po \u015bwiecie lek\u00f3w na zaburzenia erekcji dost\u0119pnych w Internecie wymaga zrozumienia ich dzia\u0142ania, czasu trwania i przydatno\u015bci, aby m\u00f3c dokonywa\u0107 \u015bwiadomych wybor\u00f3w pod okiem profesjonalnych porad.<\/p>\n<h2>Przegl\u0105d lek\u00f3w na zaburzenia erekcji<\/h2>\n<p>Leki na zaburzenia erekcji (ED) zrewolucjonizowa\u0142y spos\u00f3b leczenia wielu m\u0119\u017cczyzn cierpi\u0105cych na t\u0119 cz\u0119st\u0105 przypad\u0142o\u015b\u0107. Leki te dzia\u0142aj\u0105 przede wszystkim poprzez zwi\u0119kszenie przep\u0142ywu krwi do pr\u0105cia, u\u0142atwiaj\u0105c w ten spos\u00f3b erekcj\u0119 podczas stymulacji seksualnej. Najcz\u0119\u015bciej przepisywane leki na zaburzenia erekcji nale\u017c\u0105 do klasy zwanej inhibitorami fosfodiesterazy typu 5 (PDE5). Nale\u017c\u0105 do nich sildenafil (Viagra), tadalafil (Cialis), wardenafil (Levitra) i awanafil (Stendra).<\/p>\n<p>Ka\u017cdy z tych lek\u00f3w r\u00f3\u017cni si\u0119 nieco pod wzgl\u0119dem szybko\u015bci dzia\u0142ania, czasu dzia\u0142ania i profilu dzia\u0142a\u0144 niepo\u017c\u0105danych, dlatego niezwykle wa\u017cne jest, aby pacjenci zrozumieli dost\u0119pne opcje. Wyb\u00f3r leku cz\u0119sto zale\u017cy od r\u00f3\u017cnych czynnik\u00f3w, w tym cz\u0119stotliwo\u015bci aktywno\u015bci seksualnej, osobistych preferencji i wszelkich podstawowych warunk\u00f3w zdrowotnych.<\/p>\n<h2>Dost\u0119pno\u015b\u0107 online lek\u00f3w na zaburzenia erekcji<\/h2>\n<p>Era cyfrowa przynios\u0142a ze sob\u0105 wygod\u0119 zakupu lek\u00f3w na zaburzenia erekcji przez Internet, oferuj\u0105c prywatno\u015b\u0107 i \u0142atwy dost\u0119p. Wiele legalnych aptek internetowych oferuje te leki, cz\u0119sto po konkurencyjnych cenach. Na rynku internetowym wyst\u0119puje jednak tak\u017ce wielu nieuczciwych sprzedawc\u00f3w, dlatego tak wa\u017cne jest, aby konsumenci weryfikowali wiarygodno\u015b\u0107 wybranej przez siebie apteki.<\/p>\n<p>W wielu regionach zakup lek\u00f3w na zaburzenia erekcji przez Internet wymaga recepty wystawionej przez licencjonowanego pracownika s\u0142u\u017cby zdrowia. Niekt\u00f3re platformy oferuj\u0105 konsultacje online z lekarzami, kt\u00f3rzy mog\u0105 przepisa\u0107 te leki, je\u015bli uznaj\u0105 to za stosowne. Proces ten nie tylko zapewnia bezpiecze\u0144stwo, ale tak\u017ce daje pacjentom mo\u017cliwo\u015b\u0107 om\u00f3wienia swoich objaw\u00f3w i mo\u017cliwo\u015bci leczenia w bezpiecznym \u015brodowisku.<\/p>\n<h2>Por\u00f3wnanie czas\u00f3w wyst\u0105pienia popularnych lek\u00f3w na zaburzenia erekcji<\/h2>\n<p>Czas wyst\u0105pienia lek\u00f3w na zaburzenia erekcji znacznie si\u0119 r\u00f3\u017cni. Sildenafil i wardenafil zwykle zaczynaj\u0105 dzia\u0142a\u0107 w ci\u0105gu 30 do 60 minut po spo\u017cyciu, dzi\u0119ki czemu nadaj\u0105 si\u0119 do planowanej aktywno\u015bci seksualnej. Tymczasem Tadalafil mo\u017ce zacz\u0105\u0107 dzia\u0142a\u0107 dopiero po 2 godzinach, ale oferuje d\u0142u\u017csze mo\u017cliwo\u015bci, pozwalaj\u0105c na wi\u0119ksz\u0105 spontaniczno\u015b\u0107.<\/p>\n<p>Avanafil znany jest z szybkiego dzia\u0142ania, kt\u00f3rego dzia\u0142anie pojawia si\u0119 ju\u017c po 15 minutach od za\u017cycia pigu\u0142ki. To szybkie dzia\u0142anie sprawia, \u017ce \u200b\u200bjest to popularny wyb\u00f3r dla os\u00f3b poszukuj\u0105cych natychmiastowych rezultat\u00f3w. Jednak\u017ce indywidualny czas reakcji mo\u017ce by\u0107 r\u00f3\u017cny i wa\u017cne jest, aby eksperymentowa\u0107 pod nadzorem lekarza, aby okre\u015bli\u0107, kt\u00f3ry lek najlepiej pasuje do stylu \u017cycia i potrzeb danej osoby.<\/p>\n<h2>Czas trwania skuteczno\u015bci: czego si\u0119 spodziewa\u0107<\/h2>\n<p>Czas dzia\u0142ania jest kolejnym krytycznym czynnikiem przy wyborze leku na zaburzenia erekcji. Sildenafil i wardenafil dzia\u0142aj\u0105 zazwyczaj przez oko\u0142o 4 do 6 godzin. Ten czas jest cz\u0119sto wystarczaj\u0105cy dla wi\u0119kszo\u015bci u\u017cytkownik\u00f3w, ale wymaga pewnego planowania aktywno\u015bci seksualnej. Tadalafil natomiast znany jest z d\u0142ugotrwa\u0142ego dzia\u0142ania, utrzymuj\u0105cego si\u0119 do 36 godzin, dzi\u0119ki czemu zyska\u0142 przydomek &quot;pigu\u0142ka weekendowa.&quot;<\/p>\n<p>Avanafil zapewnia bardziej umiarkowany czas dzia\u0142ania, wynosz\u0105cy oko\u0142o 6 do 12 godzin, co mo\u017ce by\u0107 korzystne dla os\u00f3b poszukuj\u0105cych r\u00f3wnowagi pomi\u0119dzy szybkim pocz\u0105tkiem i rozs\u0105dnym czasem trwania. Zrozumienie tych ram czasowych pomaga w wyborze leku odpowiadaj\u0105cego nawykom i oczekiwaniom seksualnym danej osoby.<\/p>\n<h2>Przydatno\u015b\u0107 r\u00f3\u017cnych lek\u00f3w na zaburzenia erekcji<\/h2>\n<p>Okre\u015blenie przydatno\u015bci leku na zaburzenia erekcji wymaga rozwa\u017cenia kilku osobistych czynnik\u00f3w zdrowotnych. Na przyk\u0142ad tadalafil jest cz\u0119sto zalecany m\u0119\u017cczyznom, kt\u00f3rzy przewiduj\u0105 cz\u0119st\u0105 aktywno\u015b\u0107 seksualn\u0105 ze wzgl\u0119du na d\u0142u\u017cszy czas jej trwania. I odwrotnie, osoby z rzadszymi potrzebami mog\u0105 zdecydowa\u0107 si\u0119 na sildenafil lub wardenafil.<\/p>\n<p>Ponadto niekt\u00f3rzy m\u0119\u017cczy\u017ani mog\u0105 mie\u0107 choroby wsp\u00f3\u0142istniej\u0105ce, kt\u00f3re sprawiaj\u0105, \u017ce niekt\u00f3re leki s\u0105 bardziej odpowiednie. Na przyk\u0142ad tadalafil jest czasami preferowany u m\u0119\u017cczyzn z \u0142agodnym rozrostem prostaty (BPH), poniewa\u017c mo\u017ce z\u0142agodzi\u0107 objawy tej choroby. Aby dokona\u0107 wyboru i upewni\u0107 si\u0119, \u017ce wybrany lek jest zgodny z og\u00f3lnym profilem zdrowia, niezb\u0119dna jest konsultacja z lekarzem.<\/p>\n<h2>Spostrze\u017cenia lekarza dotycz\u0105ce wyboru odpowiedniego leku na zaburzenia erekcji<\/h2>\n<p>Lekarze cz\u0119sto podkre\u015blaj\u0105 znaczenie kompleksowej <a href=\"https:\/\/aptekaekspres.pl\/\">https:\/\/aptekaekspres.pl\/<\/a> oceny przed przepisaniem lek\u00f3w na zaburzenia erekcji. Ocena ta obejmuje ocen\u0119 stanu uk\u0142adu sercowo-naczyniowego, poniewa\u017c zaburzenia erekcji mog\u0105 by\u0107 wczesnym wska\u017anikiem choroby serca. Aby unikn\u0105\u0107 potencjalnych powik\u0142a\u0144, niezb\u0119dne jest dok\u0142adne om\u00f3wienie historii choroby i obecnego stanu zdrowia.<\/p>\n<p>\u015awiadczeniodawcy mog\u0105 zaoferowa\u0107 wgl\u0105d w interakcje r\u00f3\u017cnych lek\u00f3w z innymi lekami i schorzeniami. Monitoruj\u0105 r\u00f3wnie\u017c skutki uboczne i skuteczno\u015b\u0107, dostosowuj\u0105c w razie potrzeby plan leczenia. To spersonalizowane podej\u015bcie gwarantuje, \u017ce wybrany lek nie tylko skutecznie leczy zaburzenia erekcji, ale tak\u017ce wspiera og\u00f3lne samopoczucie.<\/p>\n<h2>Zrozumienie skutk\u00f3w ubocznych i ryzyka<\/h2>\n<p>Wszystkie leki maj\u0105 potencjalne skutki uboczne, a leki na zaburzenia erekcji nie s\u0105 wyj\u0105tkiem. Cz\u0119ste dzia\u0142ania niepo\u017c\u0105dane obejmuj\u0105 b\u00f3le g\u0142owy, uderzenia gor\u0105ca, przekrwienie nosa i zawroty g\u0142owy. S\u0105 one na og\u00f3\u0142 \u0142agodne i przej\u015bciowe, ale ich zrozumienie pomaga w zarz\u0105dzaniu oczekiwaniami.<\/p>\n<p>Powa\u017cniejsze ryzyko obejmuje interakcje z azotanami stosowanymi w leczeniu chor\u00f3b serca, kt\u00f3re mog\u0105 prowadzi\u0107 do niebezpiecznych spadk\u00f3w ci\u015bnienia krwi. Dlatego tak wa\u017cne jest, aby pacjenci informowali lekarza o wszystkich przyjmowanych przez siebie lekach. Ta przejrzysto\u015b\u0107 pomaga w ograniczaniu ryzyka i zapewnieniu bezpiecznego leczenia.<\/p>\n<h2>Rola stylu \u017cycia w leczeniu zaburze\u0144 erekcji<\/h2>\n<p>Chocia\u017c leki s\u0105 skuteczn\u0105 metod\u0105 leczenia zaburze\u0144 erekcji, modyfikacje stylu \u017cycia mog\u0105 znacznie poprawi\u0107 wyniki. Czynniki takie jak dieta, aktywno\u015b\u0107 fizyczna, spo\u017cycie alkoholu i palenie maj\u0105 ogromny wp\u0142yw na erekcj\u0119. Na przyk\u0142ad regularna aktywno\u015b\u0107 fizyczna poprawia zdrowie uk\u0142adu sercowo-naczyniowego, kt\u00f3re jest \u015bci\u015ble powi\u0105zane z erekcj\u0105.<\/p>\n<p>Zmiany w diecie, takie jak ograniczenie t\u0142uszcz\u00f3w nasyconych i zwi\u0119kszenie spo\u017cycia owoc\u00f3w i warzyw, mog\u0105 r\u00f3wnie\u017c korzystnie wp\u0142yn\u0105\u0107 na zdrowie naczy\u0144. Uwzgl\u0119dnienie czynnik\u00f3w psychologicznych, takich jak stres i l\u0119k, poprzez uwa\u017cno\u015b\u0107 lub terapi\u0119, mo\u017ce jeszcze bardziej poprawi\u0107 zdrowie seksualne, czyni\u0105c zmiany stylu \u017cycia istotnym elementem kompleksowego podej\u015bcia do leczenia zaburze\u0144 erekcji.<\/p>\n<h2>Konsultacje online: co warto wiedzie\u0107<\/h2>\n<p>Konsultacje online oferuj\u0105 przyst\u0119pny i prywatny spos\u00f3b om\u00f3wienia objaw\u00f3w zaburze\u0144 erekcji z pracownikami s\u0142u\u017cby zdrowia. Zazwyczaj konsultacje te polegaj\u0105 na wype\u0142nieniu szczeg\u00f3\u0142owej ankiety, po kt\u00f3rej nast\u0119puje wirtualne spotkanie z lekarzem. Proces ten gwarantuje, \u017ce przepisany lek b\u0119dzie odpowiedni i bezpieczny dla pacjenta.<\/p>\n<p>Pacjenci powinni przygotowa\u0107 si\u0119 do tych konsultacji, maj\u0105c przygotowan\u0105 histori\u0119 choroby i list\u0119 aktualnie przyjmowanych lek\u00f3w. Preparat ten podnosi jako\u015b\u0107 konsultacji, umo\u017cliwiaj\u0105c lekarzowi udzielenie \u015bwiadomej porady i mo\u017cliwo\u015bci leczenia dostosowanych do potrzeb pacjenta.<\/p>\n<h2>Wzgl\u0119dy prawne dotycz\u0105ce zakupu leku na zaburzenia erekcji w Internecie<\/h2>\n<p>Kupowanie lek\u00f3w na zaburzenia erekcji przez Internet wi\u0105\u017ce si\u0119 z zapoznawaniem si\u0119 z r\u00f3\u017cnymi kwestiami prawnymi. W wielu krajach na zakup tych lek\u00f3w wymagana jest prawnie recepta, a kupowanie ich z nielicencjonowanych \u017ar\u00f3de\u0142 mo\u017ce stwarza\u0107 ryzyko prawne. Niezb\u0119dne jest sprawdzenie, czy apteka internetowa jest legalna i dzia\u0142a zgodnie z wytycznymi prawnymi.<\/p>\n<p>Organy regulacyjne, takie jak Agencja Regulacyjna ds. Lek\u00f3w i Produkt\u00f3w Opieki Zdrowotnej (MHRA) w Wielkiej Brytanii, zapewniaj\u0105 zasoby umo\u017cliwiaj\u0105ce sprawdzanie legalno\u015bci aptek internetowych. Przestrzeganie tych wytycznych pomaga chroni\u0107 przed podrabianymi lekami i gwarantuje, \u017ce otrzymany lek jest bezpieczny i skuteczny.<\/p>\n<h2>Do\u015bwiadczenia pacjent\u00f3w: historie sukcesu i wyzwania<\/h2>\n<p>Wielu pacjent\u00f3w odnios\u0142o sukces dzi\u0119ki lekom na zaburzenia erekcji, zg\u0142aszaj\u0105c popraw\u0119 satysfakcji seksualnej i pewno\u015bci siebie. Historie te cz\u0119sto podkre\u015blaj\u0105 transformacyjny wp\u0142yw znalezienia odpowiedniego leku, kt\u00f3ry mo\u017ce o\u017cywi\u0107 relacje i poprawi\u0107 jako\u015b\u0107 \u017cycia.<\/p>\n<p>Jednak\u017ce nadal istniej\u0105 wyzwania, zw\u0142aszcza dla tych, kt\u00f3rzy do\u015bwiadczyli skutk\u00f3w ubocznych lub stwierdzili, \u017ce lek jest mniej skuteczny ni\u017c oczekiwano. Otwarta komunikacja ze \u015bwiadczeniodawcami odgrywa kluczow\u0105 rol\u0119 w stawianiu czo\u0142a tym wyzwaniom, umo\u017cliwiaj\u0105c dostosowanie planu leczenia, kt\u00f3re mo\u017ce prowadzi\u0107 do lepszych wynik\u00f3w.<\/p>\n<h2>Por\u00f3wnanie koszt\u00f3w lek\u00f3w na zaburzenia erekcji online<\/h2>\n<p>Koszt lek\u00f3w na zaburzenia erekcji mo\u017ce si\u0119 znacznie r\u00f3\u017cni\u0107 w zale\u017cno\u015bci od marki, dawkowania i apteki. Generyczne wersje tych lek\u00f3w s\u0105 cz\u0119sto ta\u0144sze, a jednocze\u015bnie oferuj\u0105 tak\u0105 sam\u0105 skuteczno\u015b\u0107 jak ich markowe odpowiedniki. Por\u00f3wnywanie cen w r\u00f3\u017cnych aptekach internetowych mo\u017ce przynie\u015b\u0107 znaczne oszcz\u0119dno\u015bci.<\/p>\n<p>Wa\u017cne jest, aby pacjenci, rozwa\u017caj\u0105c ca\u0142kowity koszt, uwzgl\u0119dnili koszt konsultacji i recept. Niekt\u00f3re platformy internetowe oferuj\u0105 us\u0142ugi \u0142\u0105czone obejmuj\u0105ce konsultacj\u0119 i recept\u0119, co mo\u017ce by\u0107 bardziej ekonomiczne ni\u017c kupowanie ich osobno.<\/p>\n<h2>Jak zapewni\u0107 bezpieczne zakupy online<\/h2>\n<p>Zapewnienie bezpiecze\u0144stwa zakup\u00f3w w Internecie zaczyna si\u0119 od wyboru renomowanych aptek. Poszukaj akredytacji uznanych organ\u00f3w i przeczytaj recenzje innych klient\u00f3w. Bezpieczne metody p\u0142atno\u015bci i jasna polityka prywatno\u015bci to tak\u017ce oznaki dostawcy godnego zaufania.<\/p>\n<p>Pacjenci powinni unika\u0107 zakup\u00f3w na stronach internetowych, kt\u00f3re nie wymagaj\u0105 recepty, poniewa\u017c cz\u0119sto zawieraj\u0105 one linki do podrabianych produkt\u00f3w. Bycie na bie\u017c\u0105co i czujno\u015b\u0107 mo\u017ce znacznie zmniejszy\u0107 ryzyko zwi\u0105zane z kupowaniem lek\u00f3w na zaburzenia erekcji przez Internet.<\/p>\n<h2>Przysz\u0142e trendy w leczeniu zaburze\u0144 erekcji i zakupach online<\/h2>\n<p>W przysz\u0142o\u015bci leczenia zaburze\u0144 erekcji prawdopodobnie b\u0119d\u0105 wi\u0105za\u0107 si\u0119 ci\u0105g\u0142e innowacje wraz z ci\u0105g\u0142ymi badaniami nad nowymi lekami i sposobami leczenia. Post\u0119py w telemedycynie i cyfrowym zdrowiu mog\u0105 jeszcze bardziej usprawni\u0107 proces uzyskiwania recept i porad online.<\/p>\n<p>Wraz z rozwojem technologii ro\u015bnie tak\u017ce potencja\u0142 bardziej spersonalizowanych terapii, dostosowanych do czynnik\u00f3w genetycznych i stylu \u017cycia poszczeg\u00f3lnych pacjent\u00f3w. Tendencje te obiecuj\u0105 uczyni\u0107 leczenie zaburze\u0144 erekcji bardziej skutecznym i dost\u0119pnym, poprawiaj\u0105c jako\u015b\u0107 \u017cycia wielu m\u0119\u017cczyzn na ca\u0142ym \u015bwiecie.<\/p>\n<h2>Cz\u0119sto zadawane pytania dotycz\u0105ce lek\u00f3w na zaburzenia erekcji online<\/h2>\n<p>Jak mog\u0119 mie\u0107 pewno\u015b\u0107, \u017ce kupuj\u0119 w legalnej aptece internetowej?? Sprawdzenie oficjalnej akredytacji i przeczytanie recenzji klient\u00f3w mo\u017ce pom\u00f3c w zweryfikowaniu legalno\u015bci apteki internetowej.<\/p>\n<p>Czy potrzebuj\u0119 recepty, aby kupi\u0107 leki na zaburzenia erekcji przez Internet?? W wi\u0119kszo\u015bci przypadk\u00f3w tak. Recepta daje pewno\u015b\u0107, \u017ce lek jest odpowiedni i bezpieczny dla Twojego stanu zdrowia.<\/p>\n<p>Czy leki generyczne na zaburzenia erekcji s\u0105 tak samo skuteczne jak markowe?? Generalnie tak. Leki generyczne zawieraj\u0105 te same sk\u0142adniki aktywne i spe\u0142niaj\u0105 te same standardy, co wersje markowe.<\/p>\n<p>Co powinienem zrobi\u0107, je\u015bli do\u015bwiadcz\u0119 skutk\u00f3w ubocznych lek\u00f3w na zaburzenia erekcji?? Skontaktuj si\u0119 ze swoim lekarzem, aby om\u00f3wi\u0107 objawy i rozwa\u017cy\u0107 alternatywne metody leczenia lub dostosowanie dawkowania.<\/p>\n<p>Czy zmiany stylu \u017cycia mog\u0105 poprawi\u0107 skuteczno\u015b\u0107 lek\u00f3w na zaburzenia erekcji?? Tak, przyj\u0119cie zdrowego stylu \u017cycia mo\u017ce zwi\u0119kszy\u0107 skuteczno\u015b\u0107 lek\u00f3w na zaburzenia erekcji i poprawi\u0107 og\u00f3lne zdrowie seksualne.<\/p>\n","protected":false},"excerpt":{"rendered":"<p>Wyb\u00f3r leku na zaburzenia erekcji online: por\u00f3wnanie pocz\u0105tku, czasu trwania i przydatno\u015bci: lekarz Q&amp;A Poruszanie si\u0119 po \u015bwiecie lek\u00f3w na zaburzenia erekcji dost\u0119pnych w Internecie wymaga zrozumienia ich dzia\u0142ania, czasu trwania i przydatno\u015bci, aby m\u00f3c dokonywa\u0107 \u015bwiadomych wybor\u00f3w pod okiem profesjonalnych porad. Przegl\u0105d lek\u00f3w na zaburzenia erekcji Leki na zaburzenia erekcji (ED) zrewolucjonizowa\u0142y spos\u00f3b leczenia [&hellip;]<\/p>\n","protected":false},"author":1,"featured_media":0,"parent":0,"menu_order":0,"comment_status":"closed","ping_status":"closed","template":"","meta":{"footnotes":""},"class_list":["post-20099","page","type-page","status-publish","hentry"],"_links":{"self":[{"href":"https:\/\/mahous.com\/index.php\/wp-json\/wp\/v2\/pages\/20099","targetHints":{"allow":["GET"]}}],"collection":[{"href":"https:\/\/mahous.com\/index.php\/wp-json\/wp\/v2\/pages"}],"about":[{"href":"https:\/\/mahous.com\/index.php\/wp-json\/wp\/v2\/types\/page"}],"author":[{"embeddable":true,"href":"https:\/\/mahous.com\/index.php\/wp-json\/wp\/v2\/users\/1"}],"replies":[{"embeddable":true,"href":"https:\/\/mahous.com\/index.php\/wp-json\/wp\/v2\/comments?post=20099"}],"version-history":[{"count":1,"href":"https:\/\/mahous.com\/index.php\/wp-json\/wp\/v2\/pages\/20099\/revisions"}],"predecessor-version":[{"id":20100,"href":"https:\/\/mahous.com\/index.php\/wp-json\/wp\/v2\/pages\/20099\/revisions\/20100"}],"wp:attachment":[{"href":"https:\/\/mahous.com\/index.php\/wp-json\/wp\/v2\/media?parent=20099"}],"curies":[{"name":"wp","href":"https:\/\/api.w.org\/{rel}","templated":true}]}}