{"id":21225,"date":"2026-03-25T04:14:55","date_gmt":"2026-03-25T03:14:55","guid":{"rendered":"https:\/\/mahous.com\/?page_id=21225"},"modified":"2026-03-25T04:14:55","modified_gmt":"2026-03-25T03:14:55","slug":"pochopenie-lovegra-prehlad","status":"publish","type":"page","link":"https:\/\/mahous.com\/index.php\/pochopenie-lovegra-prehlad\/","title":{"rendered":"Pochopenie Lovegra: Preh\u013ead"},"content":{"rendered":"<h1>Ako spr\u00e1vne u\u017e\u00edva\u0165 Lovegru<\/h1>\n<p>Tento \u010dl\u00e1nok poskytuje komplexn\u00e9ho sprievodcu spr\u00e1vnym pou\u017e\u00edvan\u00edm Lovegra vr\u00e1tane d\u00e1vkovania, pod\u00e1vania, prevent\u00edvnych opatren\u00ed a skuto\u010dn\u00fdch inform\u00e1ci\u00ed o pou\u017e\u00edvate\u013eoch.<\/p>\n<h2>Pochopenie Lovegra: Preh\u013ead<\/h2>\n<p>Lovegra, \u010dasto ozna\u010dovan\u00e1 ako &quot;\u017eensk\u00e1 viagra,&quot; je liek ur\u010den\u00fd na rie\u0161enie sexu\u00e1lnej dysfunkcie u \u017eien. Prim\u00e1rne obsahuje sildenafil citr\u00e1t, rovnak\u00fa akt\u00edvnu zlo\u017eku ako vo Viagre, ktor\u00e1 sa pou\u017e\u00edva na mu\u017esk\u00fa erektiln\u00fa dysfunkciu. Lovegra p\u00f4sob\u00ed tak, \u017ee zvy\u0161uje prietok krvi do oblasti genit\u00e1li\u00ed, zvy\u0161uje sexu\u00e1lne vzru\u0161enie a citlivos\u0165 a je ur\u010den\u00e1 pre \u017eeny, ktor\u00e9 poci\u0165uj\u00fa pokles sexu\u00e1lneho z\u00e1ujmu alebo reakcie.<\/p>\n<p>Hoci si Lovegra z\u00edskava na popularite, je d\u00f4le\u017eit\u00e9 pochopi\u0165, \u017ee to nie je v\u0161eliek na sexu\u00e1lnu dysfunkciu. Namiesto toho je naj\u00fa\u010dinnej\u0161\u00ed v kombin\u00e1cii s komplexn\u00fdm pr\u00edstupom k sexu\u00e1lnemu zdraviu vr\u00e1tane psychologickej podpory a zmeny \u017eivotn\u00e9ho \u0161t\u00fdlu. \u017deny zva\u017euj\u00face Lovegra by sa mali poradi\u0165 so zdravotn\u00edckymi pracovn\u00edkmi, aby zistili, \u010di je vhodn\u00e1 pre ich \u0161pecifick\u00e9 potreby.<\/p>\n<h2>Odpor\u00fa\u010dan\u00e9 d\u00e1vkovanie pre Lovegra<\/h2>\n<p>Typick\u00e1 odpor\u00fa\u010dan\u00e1 d\u00e1vka Lovegra je 100 mg, u\u017e\u00edvan\u00e1 pod\u013ea potreby pred sexu\u00e1lnou aktivitou. Toto d\u00e1vkovanie sa v\u0161ak m\u00f4\u017ee l\u00ed\u0161i\u0165 v z\u00e1vislosti od individu\u00e1lnych zdravotn\u00fdch faktorov a rady poskytovate\u013ea zdravotnej starostlivosti. Je nevyhnutn\u00e9 neprekra\u010dova\u0165 predp\u00edsan\u00fa d\u00e1vku, aby sa predi\u0161lo mo\u017en\u00fdm ne\u017eiaducim \u00fa\u010dinkom.<\/p>\n<p>Pre t\u00fdch, ktor\u00ed s\u00fa s Lovegrou nov\u00ed, m\u00f4\u017ee by\u0165 na pos\u00fadenie tolerancie a \u00fa\u010dinnosti vhodn\u00e9 za\u010da\u0165 s ni\u017e\u0161ou d\u00e1vkou, napr\u00edklad 50 mg. \u00dapravy je mo\u017en\u00e9 vykona\u0165 na z\u00e1klade individu\u00e1lnej odozvy a ak\u00fdchko\u013evek zaznamenan\u00fdch ved\u013eaj\u0161\u00edch \u00fa\u010dinkov. D\u00f4sledn\u00e9 monitorovanie a komunik\u00e1cia s poskytovate\u013eom zdravotnej starostlivosti s\u00fa d\u00f4le\u017eit\u00e9 na zabezpe\u010denie optim\u00e1lnych v\u00fdhod a bezpe\u010dnosti.<\/p>\n<h2>Ako u\u017e\u00edva\u0165 Lovegru na dosiahnutie najlep\u0161\u00edch v\u00fdsledkov<\/h2>\n<p>Pre optim\u00e1lne v\u00fdsledky by sa Lovegra mala u\u017e\u00edva\u0165 peror\u00e1lne s poh\u00e1rom vody. Odpor\u00fa\u010da sa u\u017ei\u0165 liek pribli\u017ene 30 a\u017e 60 min\u00fat pred sexu\u00e1lnou aktivitou. To umo\u017e\u0148uje dostato\u010dn\u00fd \u010das na to, aby sa liek vstrebal do krvn\u00e9ho obehu a za\u010dal p\u00f4sobi\u0165.<\/p>\n<p>U\u017e\u00edvanie Lovegry nala\u010dno m\u00f4\u017ee zv\u00fd\u0161i\u0165 jej \u00fa\u010dinnos\u0165, preto\u017ee jedlo m\u00f4\u017ee oddiali\u0165 vstreb\u00e1vanie a zn\u00ed\u017ei\u0165 jej \u00fa\u010dinok. \u017deny by pri u\u017e\u00edvan\u00ed Lovegry nemali konzumova\u0165 alkohol alebo grapefruitov\u00fd d\u017e\u00fas, preto\u017ee m\u00f4\u017eu naru\u0161i\u0165 jej \u00fa\u010dinnos\u0165 a zv\u00fd\u0161i\u0165 riziko ved\u013eaj\u0161\u00edch \u00fa\u010dinkov.<\/p>\n<h2>Na\u010dasovanie pr\u00edjmu Lovegra<\/h2>\n<p>Na\u010dasovanie pr\u00edjmu Lovegra je k\u013e\u00fa\u010dov\u00e9 pre jej \u00fa\u010dinnos\u0165. Ide\u00e1lne je u\u017ei\u0165 asi hodinu pred sexu\u00e1lnou aktivitou. \u00da\u010dinky Lovegra m\u00f4\u017eu trva\u0165 a\u017e 4 a\u017e 6 hod\u00edn, \u010do poskytuje pr\u00edle\u017eitos\u0165 na spont\u00e1nnu intimitu.<\/p>\n<p>Je d\u00f4le\u017eit\u00e9 poznamena\u0165, \u017ee na to, aby bola Lovegra \u00fa\u010dinn\u00e1, je potrebn\u00e1 sexu\u00e1lna stimul\u00e1cia; samotn\u00fd liek nezv\u00fd\u0161i libido ani sexu\u00e1lnu t\u00fa\u017ebu. \u017deny by si mali napl\u00e1nova\u0165 pr\u00edjem Lovegry pod\u013ea o\u010dak\u00e1vanej sexu\u00e1lnej aktivity, aby sa zabezpe\u010dilo, \u017ee jej v\u00fdhody bud\u00fa v s\u00falade s ich potrebami.<\/p>\n<h2>Dietetick\u00e9 \u00favahy pri u\u017e\u00edvan\u00ed Lovegra<\/h2>\n<p>Strava m\u00f4\u017ee v\u00fdrazne ovplyvni\u0165 \u00fa\u010dinnos\u0165 Lovegra. Konzum\u00e1cia jedla s vysok\u00fdm obsahom tuku pred u\u017eit\u00edm lieku m\u00f4\u017ee zn\u00ed\u017ei\u0165 jeho absorpciu, \u010do vedie k zn\u00ed\u017eeniu \u00fa\u010dinkov. Pre maximaliz\u00e1ciu \u00fa\u010dinnosti je vhodn\u00e9 u\u017e\u00edva\u0165 Lovegru nala\u010dno alebo po \u013eahkom jedle.<\/p>\n<p>Odpor\u00fa\u010da sa tie\u017e vyhn\u00fa\u0165 <a href=\"https:\/\/zdraviedomov.com\/kupit-lovegra-bez-predpisu\">https:\/\/zdraviedomov.com\/kupit-lovegra-bez-predpisu<\/a> sa alkoholu a grapefruitovej \u0161\u0165ave, preto\u017ee m\u00f4\u017eu zv\u00fd\u0161i\u0165 pravdepodobnos\u0165 ved\u013eaj\u0161\u00edch \u00fa\u010dinkov. Udr\u017eiavanie vyv\u00e1\u017eenej stravy a udr\u017eiavanie hydrat\u00e1cie m\u00f4\u017ee podpori\u0165 celkov\u00e9 sexu\u00e1lne zdravie a zv\u00fd\u0161i\u0165 v\u00fdhody Lovegra.<\/p>\n<h2>Potenci\u00e1lne ved\u013eaj\u0161ie \u00fa\u010dinky Lovegra<\/h2>\n<p>Rovnako ako v\u0161etky lieky, Lovegra m\u00f4\u017ee u niektor\u00fdch pou\u017e\u00edvate\u013eov sp\u00f4sobi\u0165 ved\u013eaj\u0161ie \u00fa\u010dinky. \u010cast\u00e9 ved\u013eaj\u0161ie \u00fa\u010dinky zah\u0155\u0148aj\u00fa bolesti hlavy, n\u00e1valy hor\u00fa\u010davy, upchat\u00fd nos a z\u00e1vraty. Vo v\u0161eobecnosti s\u00fa mierne a \u010dasto samy vymizn\u00fa, ke\u010f sa telo prisp\u00f4sob\u00ed lieku.<\/p>\n<p>M\u00f4\u017eu sa v\u0161ak vyskytn\u00fa\u0165 aj z\u00e1va\u017enej\u0161ie ved\u013eaj\u0161ie \u00fa\u010dinky, ako s\u00fa zmeny zraku, strata sluchu alebo alergick\u00e1 reakcia. Ak sa vyskytn\u00fa z\u00e1va\u017en\u00e9 alebo pretrv\u00e1vaj\u00face ved\u013eaj\u0161ie \u00fa\u010dinky, je nevyhnutn\u00e9 vyh\u013eada\u0165 lek\u00e1rsku pomoc. Pochopenie t\u00fdchto potenci\u00e1lnych riz\u00edk m\u00f4\u017ee pou\u017e\u00edvate\u013eom pom\u00f4c\u0165 urobi\u0165 informovan\u00e9 rozhodnutia o ich lie\u010dbe.<\/p>\n<h2>Interakcie Lovegra s in\u00fdmi liekmi<\/h2>\n<p>Lovegra m\u00f4\u017ee interagova\u0165 s ur\u010dit\u00fdmi liekmi, \u010do vedie k potenci\u00e1lne \u0161kodliv\u00fdm \u00fa\u010dinkom. Je d\u00f4le\u017eit\u00e9 informova\u0165 poskytovate\u013eov zdravotnej starostlivosti o v\u0161etk\u00fdch u\u017e\u00edvan\u00fdch liekoch, vr\u00e1tane vo\u013enopredajn\u00fdch liekov a doplnkov, aby sa predi\u0161lo interakci\u00e1m.<\/p>\n<p>Najm\u00e4 Lovegra by sa nemala pou\u017e\u00edva\u0165 s nitr\u00e1tmi alebo nitroglycer\u00ednom, ktor\u00e9 sa be\u017ene predpisuj\u00fa na boles\u0165 na hrudn\u00edku, preto\u017ee to m\u00f4\u017ee sp\u00f4sobi\u0165 nebezpe\u010dn\u00fd pokles krvn\u00e9ho tlaku. In\u00e9 lieky, ako s\u00fa niektor\u00e9 antimykotik\u00e1 a antibiotik\u00e1, m\u00f4\u017eu tie\u017e ovplyvni\u0165 \u00fa\u010dinok Lovegra, \u010do si vy\u017eaduje \u00fapravu d\u00e1vkovania alebo alternat\u00edvnu lie\u010dbu.<\/p>\n<h2>Lovegra: Bezpe\u010dnostn\u00e9 opatrenia a varovania<\/h2>\n<p>\u017deny, ktor\u00e9 zva\u017euj\u00fa Lovegru, by si mali by\u0165 vedom\u00e9 nieko\u013ek\u00fdch opatren\u00ed a upozornen\u00ed. Lovegra nie je vhodn\u00e1 pre ka\u017ed\u00e9ho, najm\u00e4 pre t\u00fdch, ktor\u00ed maj\u00fa srdcovo-cievne probl\u00e9my, probl\u00e9my s pe\u010de\u0148ou alebo obli\u010dkami, alebo maj\u00fa v anamn\u00e9ze z\u00e1va\u017en\u00e9 alergick\u00e9 reakcie na sildenafil alebo podobn\u00e9 lieky.<\/p>\n<p>Tehotn\u00e9 alebo doj\u010diace \u017eeny by sa mali vyh\u00fdba\u0165 Lovegre, pokia\u013e im to v\u00fdslovne neodporu\u010d\u00ed poskytovate\u013e zdravotnej starostlivosti. Zabezpe\u010denie d\u00f4kladn\u00e9ho lek\u00e1rskeho vy\u0161etrenia pred za\u010dat\u00edm lie\u010dby Lovegrou m\u00f4\u017ee pom\u00f4c\u0165 zmierni\u0165 rizik\u00e1 a zv\u00fd\u0161i\u0165 bezpe\u010dnos\u0165 a \u00fa\u010dinnos\u0165 lie\u010dby.<\/p>\n<h2>Ako Lovegra funguje v \u017eenskom tele<\/h2>\n<p>Lovegra funguje tak, \u017ee zvy\u0161uje prietok krvi do oblasti \u017eensk\u00fdch pohlavn\u00fdch org\u00e1nov, podobne ako u mu\u017eov. Tento zv\u00fd\u0161en\u00fd prietok krvi m\u00f4\u017ee zlep\u0161i\u0165 lubrik\u00e1ciu, citlivos\u0165 a celkov\u00fd sexu\u00e1lny z\u00e1\u017eitok. Lovegra priamo nezvy\u0161uje sexu\u00e1lnu t\u00fa\u017ebu, ale m\u00f4\u017ee zv\u00fd\u0161i\u0165 fyzick\u00e9 aspekty sexu\u00e1lneho vzru\u0161enia a pote\u0161enia.<\/p>\n<p>Mechanizmus zah\u0155\u0148a uvo\u013enenie krvn\u00fdch ciev a hladk\u00e9ho svalstva v panvovej oblasti, \u010do u\u013eah\u010duje zv\u00fd\u0161en\u00fa cirkul\u00e1ciu. Pochopenie tohto procesu m\u00f4\u017ee pom\u00f4c\u0165 u\u017e\u00edvate\u013eom nastavi\u0165 realistick\u00e9 o\u010dak\u00e1vania a rozpozna\u0165 d\u00f4le\u017eitos\u0165 kombin\u00e1cie Lovegry s psychologickou a emocion\u00e1lnou podporou pre holistick\u00fa sexu\u00e1lnu pohodu.<\/p>\n<h2>Pokyny na skladovanie Lovegra<\/h2>\n<p>Spr\u00e1vne skladovanie Lovegry je d\u00f4le\u017eit\u00e9 pre udr\u017eanie jej \u00fa\u010dinnosti. Liek sa m\u00e1 uchov\u00e1va\u0165 na chladnom a suchom mieste, mimo priameho slne\u010dn\u00e9ho \u017eiarenia a vlhkosti. Skladovanie Lovegry pri izbovej teplote a mimo dosahu det\u00ed a dom\u00e1cich zvierat zais\u0165uje bezpe\u010dnos\u0165 a zachov\u00e1va jej \u00fa\u010dinnos\u0165.<\/p>\n<p>Je tie\u017e vhodn\u00e9 uchov\u00e1va\u0165 Lovegru v p\u00f4vodnom obale, aby bola chr\u00e1nen\u00e1 pred environment\u00e1lnymi faktormi. Spr\u00e1vne skladovanie nielen\u017ee predl\u017euje trvanlivos\u0165 lieku, ale tie\u017e zais\u0165uje, \u017ee zostane bezpe\u010dn\u00fd na pou\u017eitie v pr\u00edpade potreby.<\/p>\n<h2>Rozpoznanie alergick\u00fdch reakci\u00ed na Lovegru<\/h2>\n<p>Alergick\u00e9 reakcie na Lovegru, hoci s\u00fa zriedkav\u00e9, sa m\u00f4\u017eu vyskytn\u00fa\u0165. Pr\u00edznaky m\u00f4\u017eu zah\u0155\u0148a\u0165 ko\u017en\u00e9 vyr\u00e1\u017eky, svrbenie, opuch alebo \u0165a\u017ekosti s d\u00fdchan\u00edm. Je d\u00f4le\u017eit\u00e9 preru\u0161i\u0165 pou\u017e\u00edvanie a okam\u017eite vyh\u013eada\u0165 lek\u00e1rsku pomoc, ak sa objavia ak\u00e9ko\u013evek pr\u00edznaky alergickej reakcie.<\/p>\n<p>Uvedomenie si t\u00fdchto pr\u00edznakov a pl\u00e1n r\u00fdchlej lek\u00e1rskej reakcie m\u00f4\u017ee zabr\u00e1ni\u0165 v\u00e1\u017enym zdravotn\u00fdm komplik\u00e1ci\u00e1m. Jedinci so zn\u00e1mou alergiou na sildenafil alebo pr\u00edbuzn\u00e9 lieky by mali prediskutova\u0165 alternat\u00edvy so svoj\u00edm poskytovate\u013eom zdravotnej starostlivosti.<\/p>\n<h2>Pou\u017eitie Lovegra v \u0161peci\u00e1lnych popul\u00e1ci\u00e1ch<\/h2>\n<p>\u0160peci\u00e1lne popul\u00e1cie, ako s\u00fa star\u0161\u00ed dospel\u00ed alebo \u013eudia s existuj\u00facimi zdravotn\u00fdmi probl\u00e9mami, m\u00f4\u017eu vy\u017eadova\u0165 prisp\u00f4soben\u00e9 pr\u00edstupy k u\u017e\u00edvaniu Lovegra. Zmeny s\u00favisiace s vekom a komorbidity m\u00f4\u017eu ovplyvni\u0165 sp\u00f4sob, ak\u00fdm telo spracov\u00e1va lieky, \u010do si vy\u017eaduje d\u00f4kladnej\u0161ie sledovanie a mo\u017en\u00e9 \u00fapravy d\u00e1vkovania.<\/p>\n<p>Poskytovatelia zdravotnej starostlivosti by mali zhodnoti\u0165 rizik\u00e1 a pr\u00ednosy pre ka\u017ed\u00e9ho jednotlivca, ber\u00fac do \u00favahy faktory, ako s\u00fa s\u00fabe\u017en\u00e9 lie\u010debn\u00e9 postupy a celkov\u00fd zdravotn\u00fd stav. Personalizovan\u00fd pl\u00e1n starostlivosti m\u00f4\u017ee pom\u00f4c\u0165 zaisti\u0165 bezpe\u010dn\u00e9 a efekt\u00edvne pou\u017e\u00edvanie Lovegra v t\u00fdchto popul\u00e1ci\u00e1ch.<\/p>\n<h2>Konzult\u00e1cia s odborn\u00edkmi v oblasti zdravotnej starostlivosti o Lovegre<\/h2>\n<p>Pred za\u010dat\u00edm u\u017e\u00edvania Lovegra je nevyhnutn\u00e1 konzult\u00e1cia so zdravotn\u00edckymi pracovn\u00edkmi. D\u00f4kladn\u00e9 lek\u00e1rske vy\u0161etrenie m\u00f4\u017ee identifikova\u0165 ak\u00e9ko\u013evek kontraindik\u00e1cie alebo potenci\u00e1lne interakcie s in\u00fdmi liekmi. T\u00e1to konzult\u00e1cia umo\u017e\u0148uje personalizovan\u00e9 poradenstvo a pom\u00e1ha nastavi\u0165 realistick\u00e9 o\u010dak\u00e1vania t\u00fdkaj\u00face sa \u00fa\u010dinkov Lovegra.<\/p>\n<p>Otvoren\u00e1 komunik\u00e1cia o sympt\u00f3moch, obav\u00e1ch a cie\u013eoch lie\u010dby m\u00f4\u017ee vies\u0165 k spr\u00e1vnemu d\u00e1vkovaniu a pod\u00e1vaniu. Pravideln\u00e9 n\u00e1sledn\u00e9 kontroly u poskytovate\u013eov zdravotnej starostlivosti zabezpe\u010duj\u00fa, \u017ee ak\u00e9ko\u013evek probl\u00e9my sa rie\u0161ia r\u00fdchlo a pod\u013ea potreby sa vykonaj\u00fa \u00fapravy.<\/p>\n<h2>Rie\u0161enie m\u00fdtov a myln\u00fdch predst\u00e1v o Lovegre<\/h2>\n<p>Okolo Lovegry koluje nieko\u013eko m\u00fdtov a myln\u00fdch predst\u00e1v, ktor\u00e9 prispievaj\u00fa k zm\u00e4tku a zneu\u017e\u00edvaniu. Jedn\u00fdm z be\u017en\u00fdch m\u00fdtov je, \u017ee Lovegra funguje okam\u017eite a bez potreby sexu\u00e1lnej stimul\u00e1cie, \u010do nie je tento pr\u00edpad. Pochopenie, \u017ee Lovegra zvy\u0161uje fyzick\u00e9 vzru\u0161enie, ale nezvy\u0161uje sexu\u00e1lnu t\u00fa\u017ebu, je k\u013e\u00fa\u010dov\u00e9 pre nastavenie spr\u00e1vnych o\u010dak\u00e1van\u00ed.<\/p>\n<p>\u010eal\u0161ou mylnou predstavou je, \u017ee Lovegra je vhodn\u00e1 pre ka\u017ed\u00fa \u017eenu so sexu\u00e1lnou dysfunkciou. Treba v\u0161ak zv\u00e1\u017ei\u0165 individu\u00e1lne faktory a zdravotn\u00fd stav. Rie\u0161enie t\u00fdchto m\u00fdtov prostredn\u00edctvom vzdel\u00e1vania m\u00f4\u017ee \u017een\u00e1m pom\u00f4c\u0165 robi\u0165 informovan\u00e9 rozhodnutia a pou\u017e\u00edva\u0165 Lovegru bezpe\u010dne a efekt\u00edvne.<\/p>\n<h2>Ohlasy a sk\u00fasenosti pou\u017e\u00edvate\u013eov Lovegra<\/h2>\n<p>Svedectv\u00e1 a sk\u00fasenosti pou\u017e\u00edvate\u013eov poskytuj\u00fa cenn\u00e9 poznatky o \u00fa\u010dinkoch Lovegra v re\u00e1lnom svete. Mnoho \u017eien uv\u00e1dza zlep\u0161en\u00fa sexu\u00e1lnu spokojnos\u0165 a zv\u00fd\u0161en\u00fa sebad\u00f4veru po u\u017eit\u00ed lieku, pri\u010dom zd\u00f4raz\u0148uj\u00fa jeho potenci\u00e1lne v\u00fdhody pri spr\u00e1vnom pou\u017e\u00edvan\u00ed.<\/p>\n<p>Sk\u00fasenosti sa v\u0161ak m\u00f4\u017eu zna\u010dne l\u00ed\u0161i\u0165 a niektor\u00ed pou\u017e\u00edvatelia nemusia n\u00e1js\u0165 rovnak\u00fa \u00farove\u0148 \u00fa\u010dinnosti. Vypo\u010dutie od in\u00fdch m\u00f4\u017ee poskytn\u00fa\u0165 podporu a vedenie, ale je d\u00f4le\u017eit\u00e9 si uvedomi\u0165, \u017ee sk\u00fasenos\u0165 ka\u017ed\u00e9ho \u010dloveka je jedine\u010dn\u00e1. Konzult\u00e1cia so zdravotn\u00edckymi pracovn\u00edkmi zost\u00e1va najlep\u0161\u00edm postupom pre personalizovan\u00e9 poradenstvo a lie\u010dbu.<\/p>\n","protected":false},"excerpt":{"rendered":"<p>Ako spr\u00e1vne u\u017e\u00edva\u0165 Lovegru Tento \u010dl\u00e1nok poskytuje komplexn\u00e9ho sprievodcu spr\u00e1vnym pou\u017e\u00edvan\u00edm Lovegra vr\u00e1tane d\u00e1vkovania, pod\u00e1vania, prevent\u00edvnych opatren\u00ed a skuto\u010dn\u00fdch inform\u00e1ci\u00ed o pou\u017e\u00edvate\u013eoch. Pochopenie Lovegra: Preh\u013ead Lovegra, \u010dasto ozna\u010dovan\u00e1 ako &quot;\u017eensk\u00e1 viagra,&quot; je liek ur\u010den\u00fd na rie\u0161enie sexu\u00e1lnej dysfunkcie u \u017eien. Prim\u00e1rne obsahuje sildenafil citr\u00e1t, rovnak\u00fa akt\u00edvnu zlo\u017eku ako vo Viagre, ktor\u00e1 sa pou\u017e\u00edva na mu\u017esk\u00fa [&hellip;]<\/p>\n","protected":false},"author":1,"featured_media":0,"parent":0,"menu_order":0,"comment_status":"closed","ping_status":"closed","template":"","meta":{"footnotes":""},"class_list":["post-21225","page","type-page","status-publish","hentry"],"_links":{"self":[{"href":"https:\/\/mahous.com\/index.php\/wp-json\/wp\/v2\/pages\/21225","targetHints":{"allow":["GET"]}}],"collection":[{"href":"https:\/\/mahous.com\/index.php\/wp-json\/wp\/v2\/pages"}],"about":[{"href":"https:\/\/mahous.com\/index.php\/wp-json\/wp\/v2\/types\/page"}],"author":[{"embeddable":true,"href":"https:\/\/mahous.com\/index.php\/wp-json\/wp\/v2\/users\/1"}],"replies":[{"embeddable":true,"href":"https:\/\/mahous.com\/index.php\/wp-json\/wp\/v2\/comments?post=21225"}],"version-history":[{"count":1,"href":"https:\/\/mahous.com\/index.php\/wp-json\/wp\/v2\/pages\/21225\/revisions"}],"predecessor-version":[{"id":21226,"href":"https:\/\/mahous.com\/index.php\/wp-json\/wp\/v2\/pages\/21225\/revisions\/21226"}],"wp:attachment":[{"href":"https:\/\/mahous.com\/index.php\/wp-json\/wp\/v2\/media?parent=21225"}],"curies":[{"name":"wp","href":"https:\/\/api.w.org\/{rel}","templated":true}]}}